hest common factor of q and 52?
13
Let i = 12 + -8. Let w(g) = -2*g - 3*g**2 - 2 + g + i*g**2. Let p be w(-2). Calculate the greatest common divisor of p and 10.
2
Let b be ((-27)/18)/((-3)/208). Let t = 3 + 0. Suppose -67 = -4*r + 3*z, t*r + z = 35 - 1. What is the greatest common factor of r and b?
13
Let h(v) = v**3 - 4*v**2 - v + 4. Let j be h(4). Suppose z - 2*z - 5*n + 88 = 0, 2*n - 8 = j. What is the highest common factor of 34 and z?
34
Let b(n) = 5*n**2. Let v be b(1). Suppose -v*l - 14 = -59. Let s = 79 - 70. Calculate the highest common divisor of l and s.
9
Suppose 2*i = -2*j + 368, -2*i - 2 + 6 = 0. Suppose 7*q + 0*q - j = 0. What is the highest common divisor of q and 26?
26
Suppose -3*x + 27 = -0*x. Let s be (-110)/6*540/(-100). Calculate the highest common factor of x and s.
9
Let q(c) = -5*c - 7. Let x be q(-3). Calculate the highest common divisor of 376 and x.
8
Suppose 39 = 4*a - 3*n + 6*n, 0 = a + 5*n - 31. What is the greatest common factor of 54 and a?
6
Let v(a) = a + 5. Let q be v(8). Suppose -2*z = q - 5. Let h be z/(((-4)/(-18))/(-1)). What is the greatest common factor of h and 12?
6
Let d(p) = -2*p**3 - p**2 + 7*p - 3. Let s be d(-4). Let c = 103 - s. Calculate the greatest common factor of c and 22.
22
Suppose g + 80 = -3*w, w + 3*g + 24 = -0*w. Let k = w + 29. Let u be (-54)/(-42) + k/(-7). What is the highest common factor of u and 4?
1
Suppose -29 - 651 = -10*p. Calculate the greatest common divisor of 578 and p.
34
Suppose -4*a - 47 = -5*a. Suppose 2*g - a = 3. What is the greatest common divisor of g and 175?
25
Suppose -76 = -2*i + r, 5*i + 8*r - 189 = 11*r. Calculate the greatest common divisor of 169 and i.
13
Let l(i) = -7*i - 5*i + i**3 + 11 + 11*i. Let t be l(0). Calculate the highest common divisor of 1 and t.
1
Let w(o) = 134*o**3 + 4*o**2 - o - 5. Let b be w(2). What is the highest common divisor of 47 and b?
47
Let b be (-10 + 270/(-36))/(10/(-8)). Suppose -c = -0*c - 56. Calculate the greatest common factor of c and b.
14
Let p = 13 + -8. Let h = -201 + 346. Calculate the highest common divisor of h and p.
5
Suppose -3*q + 99 + 1 = -v, 3*q + 3*v = 108. Suppose -3*k - 5*a = -29, 4*k - q + 7 = 5*a. What is the greatest common divisor of 12 and k?
4
Let b = -18 + 6. Let j be -34*(1 + b/8). Calculate the greatest common factor of j and 119.
17
Let l = 1855 + -1835. Calculate the highest common divisor of l and 108.
4
Suppose 4*z - 201 = 4*y + 251, -4*z = -5*y - 457. Let s(w) = 2*w + 22. Let c be s(-5). What is the greatest common factor of c and z?
12
Let q(o) = o**3 + 2*o - 8. Let s be q(2). Calculate the highest common divisor of s and 4.
4
Suppose 158 = 9*g - 265. What is the highest common divisor of g and 893?
47
Suppose -140 = -10*a + 40. Calculate the highest common divisor of 102 and a.
6
Let r be (4/(-6))/(5/(-15)). Let j be (-53)/r - 21/(-42). Let o = j + 50. What is the greatest common divisor of o and 8?
8
Let p = 51 + -57. Let m be 0 - -16 - 0/(-1). Let r be ((-9)/p)/(3/m). Calculate the highest common divisor of 40 and r.
8
Let t(o) = 4*o**2 - 6*o + 4. Let n be t(-5). Suppose -7*z = -1520 + n. Calculate the greatest common divisor of z and 22.
22
Let o = 21 - 4. Let s = 35 + o. Suppose -s - 33 = -5*n. Calculate the highest common factor of n and 153.
17
Let m = -535 + 580. Calculate the greatest common factor of 165 and m.
15
Let n(v) = v**3 - 8*v**2 + 8*v - 3. Let l be n(5). Let d = l + 114. What is the highest common divisor of d and 19?
19
Let t(q) = -q + 1. Let o(k) = 17*k + 3 - 2 - 5*k + 0 - k**2. Let j(d) = o(d) + 3*t(d). Let h be j(7). Calculate the highest common divisor of 6 and h.
6
Let q = -2125 - -2335. Let a(l) = -l + 42. Let k be a(0). Calculate the highest common factor of k and q.
42
Let u be (-1 - (-51)/3)/(-23 - -25). What is the greatest common divisor of 256 and u?
8
Let j be (-49)/14*240/(-14). What is the greatest common factor of 570 and j?
30
Let h(f) = 2*f**2 + 12*f + 4. Let g be h(-5). Let y(i) = i**2 + 6*i + 4. Let q be y(g). What is the highest common divisor of 2 and q?
2
Suppose -5*s + 6 = -2*s + 3*b, -4*b = -s + 7. Suppose l = -s + 15. Let a be (-3)/1 - (-1 + -14). Calculate the highest common factor of a and l.
12
Suppose -3*h + 39 = -2*o + 7*o, h - 33 = 5*o. Let m(v) = 2*v - 3. Suppose -28*w + 31*w = 18. Let u be m(w). Calculate the highest common divisor of h and u.
9
Suppose 14 + 16 = 6*o. Suppose -8*f = o*f - 468. Calculate the highest common divisor of f and 396.
36
Let z(x) = 36*x - 9. Let d be z(3). What is the highest common divisor of d and 132?
33
Let o be 4922/14 + ((-60)/70)/(-2). What is the greatest common factor of 11 and o?
11
Suppose -10 = -v + 4*y + 4, -y + 1 = 0. Calculate the highest common factor of v and 873.
9
Let q(t) = t + 8. Let f be q(-6). Suppose -2*a + 4 + 24 = 0. Calculate the highest common divisor of a and f.
2
Let a(r) = r**2 - 4*r + 148. Let p be a(0). What is the highest common divisor of 37 and p?
37
Suppose 2*l = n - 6*n + 23, n - 3 = 0. Calculate the highest common divisor of 514 and l.
2
Let h be (-4 - -99) + (2 - 2 - -1). Suppose -c = 0, 5*z - z + 3*c = h. Calculate the highest common factor of 16 and z.
8
Let i be 1*-4*(-126)/9. Calculate the highest common divisor of i and 252.
28
Let n(w) = -w**2 + 6. Let c be n(0). Suppose 5*f = 3*b + 342, -5*b + 36 = -5*f + 386. What is the highest common factor of c and f?
6
Let f be -3 + 0 + (4 - -40). Let r = f - -11. What is the highest common divisor of 13 and r?
13
Suppose 7*d - 10*d + 3 = -p, 4*p = 0. Suppose 5*k - a - 9 = -2*a, -3 = -k + a. Suppose -k*r + 29 + d = 0. Calculate the highest common divisor of r and 75.
15
Let g = 4456 - 6302. Let a be (-2)/(-8) - g/8. Suppose 8*z - 343 = -79. What is the greatest common divisor of a and z?
33
Let w = 649 - 467. Calculate the highest common factor of w and 56.
14
Let n be (148/6)/((-94)/(-141)). Calculate the highest common divisor of n and 333.
37
Let a(h) = h**3 - 13*h**2 + 12*h + 13. Let q be a(12). Calculate the greatest common factor of 299 and q.
13
Suppose -18 = 4*t - 6, -3*t + 167 = 2*r. Suppose -4*x + 9 = -15. Suppose -2*g = -2 + x, -5*i = -5*g - 65. Calculate the greatest common factor of r and i.
11
Suppose 2*r + 6*a = 9*a + 118, -3*r + a = -191. Calculate the highest common divisor of r and 455.
65
Suppose 2*b - 3 = 4*t + 7, -6 = -3*t - 3*b. Let y be ((-15)/t)/(105/140). Calculate the greatest common factor of 5 and y.
5
Let u(k) = k**3 + 4*k**2 + 3*k + 1. Let i be u(-3). Let f be i - 7/(7/(-86)). What is the highest common divisor of 58 and f?
29
Let r(g) = -2*g**2 + 5*g + 5056. Let v be r(-49). Suppose -2*p = -169 - 47. What is the greatest common divisor of v and p?
9
Suppose -n - 2*y = -13, -6 = n - 4*y + 5. Suppose 0 = -n*r + 5 + 45. Let m = -66 - -156. Calculate the greatest common divisor of m and r.
10
Let i(s) = -2*s**3 - 15*s**2 - 10*s - 42. Let w be i(-8). What is the greatest common divisor of 68 and w?
34
Let o(u) = u**3 + u + 2. Let t be o(0). Suppose -f + 5*s = -10, -5*f - 4*s + 2 = -5*s. Let g be f + -5 + t + 24. What is the highest common factor of 7 and g?
7
Suppose -i - 27 = -2*y, -2*y + 5*i + 72 = 41. Calculate the greatest common divisor of 377 and y.
13
Let f(i) = -4*i**2 - 13*i - 13. Let x(c) = -5*c**2 - 13*c - 13. Let r(j) = 4*f(j) - 3*x(j). Let u be r(-10). Calculate the highest common factor of u and 68.
17
Let v = 1562 - 1237. Calculate the highest common factor of 520 and v.
65
Let y = 25 - -11. Suppose i + 7 = -5*f + 45, 4*f - 13 = 5*i. Let o(t) = -t + 11. Let x be o(f). What is the greatest common factor of y and x?
4
Let o = -260 + 281. What is the highest common divisor of 105 and o?
21
Let x be 177/3 + 5*(-1 - 0). Suppose -w - 32 = -5*v, 0 = -v - v + 4*w + 20. Calculate the highest common divisor of x and v.
6
Let o(b) = 2*b**2 + 13 + 45 + 12 - b. Let h be o(0). What is the highest common divisor of 10 and h?
10
Let n = 1381 + -1325. What is the greatest common divisor of n and 224?
56
Suppose 0 = -2*f - 0*f, -5*o - 4*f = -385. Calculate the highest common factor of 99 and o.
11
Let s(c) = -42*c - 12. Let m = 84 + -85. Let t be s(m). What is the highest common divisor of 150 and t?
30
Let s = -141 - -165. Calculate the greatest common divisor of s and 3.
3
Let p = -8 + 11. Sup